er?
True
Is 122712379 composite?
False
Is 2991883 a composite number?
False
Is 802386977 prime?
False
Is 3271391 composite?
False
Is 402068463 composite?
True
Is 244931 composite?
True
Is 114213649 composite?
True
Is 719681731 a composite number?
False
Is 11765549 prime?
False
Is 29777281 prime?
True
Is 2248111 a prime number?
False
Is 4991043 a prime number?
False
Is 215865113 composite?
True
Is 64066949 a composite number?
False
Is 54016447 prime?
False
Is 640637 composite?
True
Is 1089941 a composite number?
False
Is 21884741 prime?
True
Is 4535087 prime?
True
Is 1236419 prime?
True
Is 63306377 composite?
True
Is 145367653 composite?
False
Is 10986554 composite?
True
Is 757138 prime?
False
Is 162079 prime?
True
Is 1392606949 a prime number?
True
Is 2037979 a composite number?
False
Is 31881541 a prime number?
True
Is 6999349 composite?
True
Is 10029293 composite?
True
Is 608461 prime?
False
Is 619217 a prime number?
False
Is 16808213 composite?
False
Is 19300793 a composite number?
False
Is 221255963 composite?
False
Is 378884029 prime?
True
Is 17006621 prime?
False
Is 144651847 composite?
False
Is 4627169 composite?
False
Is 4474849 a composite number?
False
Is 1775419 prime?
True
Is 5721743 composite?
False
Is 74874779 a prime number?
False
Is 396798845 a prime number?
False
Is 1921861 a composite number?
True
Is 6394559 prime?
True
Is 1513427911 prime?
True
Is 48071 a composite number?
True
Is 46476149 prime?
True
Is 103029253 a prime number?
True
Is 1694334815 a composite number?
True
Is 9670613 a prime number?
True
Is 6340757 prime?
True
Is 51503 composite?
False
Is 12246679 prime?
False
Is 172107241 prime?
True
Is 11521637 composite?
False
Is 4749967 a prime number?
True
Is 6073121 a prime number?
True
Is 33145867 prime?
True
Is 13993247 composite?
True
Is 122757791 a composite number?
True
Is 35423485 composite?
True
Is 667373 prime?
False
Is 3839293 prime?
True
Is 124377329 composite?
True
Is 4567247 prime?
True
Is 3554959 composite?
False
Is 165431881 prime?
False
Is 296005721 a composite number?
True
Is 1640218 a prime number?
False
Is 5432677 a composite number?
True
Is 80647429 composite?
True
Is 7243109 prime?
True
Is 26461289 a prime number?
False
Is 453307 a composite number?
True
Is 29813419 a prime number?
False
Is 101704901 prime?
True
Is 18223903 a composite number?
False
Is 12369839 prime?
True
Is 310735513 prime?
False
Is 3256171 prime?
True
Is 12473453 composite?
True
Is 154852043 prime?
True
Is 4461153 a composite number?
True
Is 35086129 composite?
True
Is 18371777 a composite number?
False
Is 428965 prime?
False
Is 3127121 composite?
True
Is 3884977 a prime number?
True
Is 63820871 a composite number?
False
Is 209001007 a composite number?
True
Is 355477 prime?
False
Is 878987 composite?
False
Is 121908539 composite?
True
Is 3290615 composite?
True
Is 14167003 a composite number?
False
Is 11195377 a prime number?
True
Is 39486671 prime?
False
Is 9603931 composite?
False
Is 28279115 a composite number?
True
Is 787487 a composite number?
True
Is 47381711 a prime number?
False
Is 15525133 a prime number?
False
Is 30521323 composite?
True
Is 129842243 composite?
True
Is 527803 a composite number?
False
Is 713309609 a composite number?
True
Is 76417 composite?
True
Is 5888283 a prime number?
False
Is 9463858 composite?
True
Is 5584598 composite?
True
Is 15967473 prime?
False
Is 235478939 composite?
False
Is 7646437 a prime number?
True
Is 85847285 prime?
False
Is 508410131 a prime number?
True
Is 16154329 prime?
False
Is 4147999 composite?
True
Is 11606151 composite?
True
Is 1802641 a composite number?
False
Is 410807143 composite?
False
Is 15543211 a composite number?
False
Is 5538749 composite?
False
Is 34405015 composite?
True
Is 5502179 a composite number?
False
Is 5505107 prime?
False
Is 15182267 a composite number?
True
Is 195916543 a composite number?
True
Is 905843 composite?
False
Is 1871249 prime?
True
Is 1831661 composite?
True
Is 5966773 a composite number?
False
Is 648077 a prime number?
False
Is 643919 a prime number?
True
Is 726779 a prime number?
True
Is 80870191 a prime number?
False
Is 102665561 prime?
True
Is 137682647 prime?
True
Is 23159161 a prime number?
True
Is 2504161 a composite number?
True
Is 5484683 composite?
True
Is 35404955 composite?
True
Is 12911765 a prime number?
False
Is 5183707 a prime number?
True
Is 999360367 composite?
False
Is 574823 a prime number?
False
Is 7241657 prime?
True
Is 1269641 composite?
False
Is 1211132063 a composite number?
True
Is 487963 a prime number?
False
Is 661435 composite?
True
Is 1090937 prime?
True
Is 14580295 a composite number?
True
Is 2558537 composite?
True
Is 1325651 prime?
False
Is 3884533 prime?
True
Is 140977 a composite number?
False
Is 26624173 prime?
False
Is 113999281 prime?
False
Is 11110483 composite?
True
Is 435331031 composite?
True
Is 164797153 prime?
False
Is 3353901 a composite number?
True
Is 128591453 prime?
True
Is 1954567 composite?
True
Is 834937 composite?
True
Is 338042423 composite?
False
Is 35182627 a composite number?
True
Is 6573427 a composite number?
True
Is 11856289 composite?
True
Is 1177459 a composite number?
False
Is 375289 composite?
True
Is 2087069 composite?
False
Is 837709837 a prime number?
True
Is 56092453 a prime number?
False
Is 528539 a prime number?
False
Is 2930507 prime?
True
Is 38060969 prime?
True
Is 2781034 a prime number?
False
Is 2508029 prime?
False
Is 1052367 a composite number?
True
Is 12003001 composite?
True
Is 27781019 prime?
False
Is 1833733 prime?
False
Is 61326469 a composite number?
False
Is 62384893 a composite number?
True
Is 852750121 a prime number?
False
Is 557153 composite?
False
Is 5088107 composite?
True
Is 3413159 composite?
True
Is 22249993 a composite number?
True
Is 8163391 a prime number?
False
Is 689306 prime?
False
Is 2370847 prime?
True
Is 270697019 prime?
False
Is 79106101 composite?
True
Is 251276317 prime?
True
Is 13028549 prime?
False
Is 11863 a prime number?
True
Is 16989055 a composite number?
True
Is 93793481 composite?
True
Is 2230939 prime?
True
Is 32678561 composite?
True
Is 26149327 a composite number?
True
Is 23952823 a prime number?
True
Is 90407011 a composite number?
False
Is 3663337 prime?
True
Is 412097429 a prime number?
True
Is 222334907 a prime number?
True
Is 3477289 a prime number?
True
Is 296128579 prime?
False
Is 1938611 composite?
False
Is 11389471 a composite number?
False
Is 10558189 a composite number?
False
Is 78391609 a composite number?
False
Is 7768273 composite?
True
Is 8970691 a prime number?
True
Is 5573503 a composite number?
True
Is 154661761 a composite number?
False
Is 90841381 a prime number?
True
Is 1325378693 composite?
False
Is 285661 prime?
True
Is 7726969 a prime number?
False
Is 1148453 a composite number?
False
Is 20214673 prime?
True
Is 54366853 a prime number?
True
Is 59665763 prime?
True
Is 93027027 a prime number?
False
Is 54623617 a composite number?
True
Is 1496333 prime?
False
Is 4378057 prime?
True
Is 4593679 composite?
False
Is 77548489 a prime number?
False
Is 409936441 prime?
False
Is 2524339 a composite number?
False
Is 173135561 a composite number?
True
Is 187046687 composite?
True
Is 615607511 prime?
True
Is 198264265 prime?
False
Is 481939 a composite number?
False
Is 1234333 composite?
False
Is 4797083 a prime number?
False
Is 459150647 a composite number?
False
Is 73625411 composite?
False
Is 3064079 a composite number?
False
Is 54433265 a composite number?
True
Is 1677083 composite?
False
Is 12355745 a prime number?
False
Is 3278771 a prime number?
True
Is 24132671 a prime number?
True
Is 555563939 a composite number?
True
Is 4236959 composite?
True
Is 5194141 prime?
False
Is 4418833 prime?
False
Is 13086505 a prime number?
False
Is 12490451 composite?
True
Is 50188135 a prime number?
False
Is 48842327 composite?
False
Is 48662681 prime?
True
Is 1769333 a prime number?
True
Is 327901099 a composite number?
False
Is 17113619 composite?
False
Is 159597941 a composite number?
True
Is 39712003 a composite number?
False
Is 519927 composite?
True
Is 5737163 a composite number?
True
Is 3184843 composite?
True
Is 7482093 a prime number?
False
Is 4559441 prime?
True
Is 501241 composite?
True
Is 137849 composite?
Fals